ppose -120 = -5*b + v*y, -5*y = 5*b - 2*y - 150. Suppose 6*m - 249 = -b. What is the units digit of m?
7
What is the tens digit of (0 - 10215/18)*(-6)/5?
8
Suppose 0 = -6*g + 40 - 88. What is the units digit of 37*g*(-6 + (-11)/(-2))?
8
What is the tens digit of (-15)/((-1481)/185 + (-2 - -10))?
7
What is the units digit of (15333/(-95))/(5/(50/(-3)))?
8
Suppose 29*v - 14 = 27*v. Suppose -4*c - 5*h + 2 + v = 0, 3 = -h. What is the units digit of (-50)/(14/c - 3)?
5
Let l = -69 + 69. Suppose 2*x = -l*x + x. Suppose x = 13*s - 16*s + 294. What is the tens digit of s?
9
Suppose 13*a + 108504 = 112*a. What is the units digit of a?
6
Suppose -4*i = 490*b - 494*b - 63100, -3*i = b - 47301. What is the tens digit of i?
6
Suppose -24 = -4*x - 4*g, 4*g - 14 = -5*x + 14. Let w be (8 - x) + -8 + 219. Suppose -n - 139 + w = 0. What is the tens digit of n?
7
Let c(g) = -3*g**3 - 26*g**2 + 80*g + 9. What is the units digit of c(-20)?
9
Let i(o) = -4*o**3 - 3*o**2 - 13*o - 5. Let g be i(-4). Suppose 112 = -w - 5*n, 3*w - 4*n + 62 = -g. Let z = 200 + w. What is the units digit of z?
3
Suppose 0 = -42*d - 302070 + 1193478. What is the hundreds digit of d?
2
Let y(z) = 4244*z**2 - 26*z - 22. Let l(i) = -6365*i**2 + 39*i + 34. Let v(o) = 5*l(o) + 8*y(o). What is the tens digit of v(-1)?
3
Let w = -3 - -7. Suppose 0 = 5*b + 4*o + o, b - w = o. Suppose 4*j + 712 = 4*u, -b*u + j = -0*j - 353. What is the tens digit of u?
7
Let n(s) = -175*s + 18. Let u(x) = -591*x + 27. Let l(m) = -169*m + 8. Let y(b) = 18*l(b) - 5*u(b). Let g(r) = 3*n(r) - 5*y(r). What is the tens digit of g(-3)?
7
Suppose -8*h + 2812 = -1868. Let j = 861 - h. What is the units digit of j?
6
Let j(i) = 3*i**2 + 7*i - 66. Let a be j(9). What is the units digit of (66/15)/(12/a)?
8
Let l = -218 - -220. Suppose -5*w = -l*y + 59, -96 = -3*y - 0*w + 5*w. What is the units digit of y?
7
Let g = 12836 + -12169. What is the tens digit of g?
6
Let d = 23969 + -8041. What is the ten thousands digit of d?
1
Let v = 85 + 1500. What is the thousands digit of v?
1
Let m = 25225 - 16190. What is the tens digit of m?
3
Let n be 8/12*27/(-6). Suppose -5*x - 157 + 567 = 0. What is the tens digit of (-31 - -28)*x/n?
8
Suppose 3*h = 3*n + 385 - 1102, -4*n = 4*h - 908. Suppose 5*f = -2*o - 18 + 57, 5*f = -25. Suppose -o*y - n = -33*y. What is the units digit of y?
3
Let h = -322 + 484. Let j = 287 - h. What is the tens digit of j?
2
Suppose -4*j + 5 = w, 7*j = -w + 5*j + 3. Let g(r) = 4*r**3 + r**2 - 3*r + 3. Let f be g(w). Suppose -f*n = -1064 + 184. What is the tens digit of n?
7
Let t(c) = 10*c + 84. Let a be t(-8). What is the units digit of a/5 - (10 + (-20484)/45)?
6
Suppose 0 = -5*w - 5*k + 110050, 0*w = w + 5*k - 22018. What is the tens digit of w?
0
Let c(n) = -n**2 - 10*n - 10. Let s be c(-7). Suppose -3*x = -s + 5. Suppose 2*t + 6 + x = 0, -341 = -5*z + 4*t. What is the units digit of z?
5
Suppose -310*r + 314*r - 64808 = -4*k, 4*k - 64850 = 2*r. What is the tens digit of k?
0
Let s = -7668 - -17618. What is the hundreds digit of s?
9
Let t(d) = -5*d + 39. Let y be t(7). Suppose -4 = 2*o, o + 1256 = y*j - o. What is the hundreds digit of j?
3
Suppose 5*h + 119 = -3*j, -j = -4*h + 5 - 107. What is the units digit of 1/(h/(-10515)) - (-4)/10?
1
Let x(k) = -2*k + 87. Let v be x(16). Suppose -v*b + 6784 = -47*b. What is the tens digit of b?
4
Suppose -2*m = b - 2*b + 8, -3*m - 4*b + 10 = 0. Let f be m/(-10)*4*310. Let u = f - 172. What is the units digit of u?
6
Let k be 3*(-2 - 3 - -183). Let j = 1000 - k. What is the hundreds digit of j?
4
Let v(i) = 106*i**2 + 197*i - 4092. What is the ten thousands digit of v(21)?
4
Let z(w) = -w**3 - 4*w**2 - 3*w + 9. Let s be z(-6). Suppose -p + i - 61 = 0, -179 = 3*p - 0*i - 2*i. Let y = s + p. What is the tens digit of y?
4
Let c = 14560 + -7701. What is the thousands digit of c?
6
Let w(q) = q**3 + 11*q**2 + 9*q - 45. Let g be w(-12). What is the hundreds digit of (g/(-44))/((-3)/(-48))?
1
Let u(d) = -d**3 + 38*d**2 - 107*d - 86. What is the tens digit of u(23)?
8
Suppose 3646813 = -10*k - 2*k + 121*k. What is the hundreds digit of k?
4
Let o(w) = -4*w**2 + w - 1. Let b be 1/3 + ((-28)/12)/1. Let m be o(b). Let n = m - -58. What is the tens digit of n?
3
Suppose 4*n = -8 + 24, 5*n - 437 = 3*m. Let w = 31 - m. What is the tens digit of w?
7
Suppose -7*g + 996 = -g. What is the units digit of 2/((10/g)/5)?
6
Let w = -243 + 247. Suppose -2*x - p = -2*p - 1048, -w*x - p = -2084. What is the units digit of x?
2
Suppose 2 = -2*r, r = -3*c - 3*r - 4. Suppose 4*w + 26*w - 23430 = c. What is the units digit of w?
1
Let r(l) = -l**3 - 6*l**2 + 9*l - 28. Let i be r(-8). What is the tens digit of (0 + (i - -1))/(-12 + 13)?
2
Let v = 33 - 4. Suppose 10*r - 9 = -v. What is the units digit of -7 - r - (-249)/1?
4
Suppose -12*j - 993 = -d, 879*d - 4*j + 5413 = 884*d. What is the hundreds digit of d?
0
Let u(v) = 8*v**2 - 144*v + 2410. What is the units digit of u(17)?
4
Let j(q) = -3*q**3 - 18*q**2 + 8*q + 19. Let r be j(-8). Let s = r + 197. What is the hundreds digit of s?
5
Suppose -5*s + m - 5*m + 85 = 0, -68 = -3*s + m. Suppose -14*i = -s*i + 56. What is the units digit of i?
8
Let r be (-1)/(-5 + 68/14). Suppose -282 - 1153 = -r*t. What is the tens digit of t?
0
What is the units digit of (-6)/(-27) + 509795/207?
3
Let j = -375 - -385. Let l(y) = 77*y - 76. What is the tens digit of l(j)?
9
Suppose -31*w + 57*w + 14420 = 31*w. What is the tens digit of w?
8
Let n = -1176 - 704. What is the tens digit of n/(-16)*(0 - 52/(-10))?
1
Let w be 1104/920*(7/(-2) - -1). What is the tens digit of 4 - ((-840)/100)/(w/(-230))?
4
Let h be (-3)/(3*8) + (-3681)/(-72). Suppose -h*p = -44*p - 3752. What is the units digit of p?
6
Suppose 5*t + 3*j - 15 - 9 = 0, -6 = -2*j. Suppose 0 = z + 5*q - 96, t*z + 3*q - 546 = -2*z. What is the tens digit of z?
1
Let a(f) = 17*f**3 - f**2 - f + 1. Let k be a(-1). What is the hundreds digit of (-5282)/k - (-16)/(-128)?
3
Let k = 39036 + -21644. What is the tens digit of k?
9
Let t(m) = -m**3 + 6*m**2 - 2*m + 12. Let u(x) = x**3 + 7*x**2 + 15*x + 48. Let l be u(-6). What is the tens digit of t(l)?
5
Let i = -429 + 2116. What is the units digit of i?
7
Suppose 0 = 3*d - 52*d + 318990. What is the units digit of d?
0
Let z = 302 - -27. Suppose m + g + z = 5*m, g - 86 = -m. What is the units digit of m?
3
Suppose 144*m - 134*m = 61830. What is the thousands digit of m?
6
Suppose 0 = -90*b + 98*b - 16. Suppose 268 + 732 = 2*j - b*w, -2500 = -5*j + w. What is the units digit of j?
0
Let f be 0/(3 - 0 - -1). Suppose -2*z - 191 + 611 = f. What is the tens digit of z?
1
Suppose 0 = 15*s - 40 - 1475. Let o = s + -96. Suppose 8 = o*k - 7. What is the units digit of k?
3
Suppose -276854 = -80*z + 119786. What is the units digit of z?
8
Let g(x) = 20144*x**2 + 14*x + 13. What is the hundreds digit of g(-1)?
1
Let y(l) = 3909*l - 46. What is the thousands digit of y(2)?
7
Let n(s) = 746*s**2 - 44*s - 151. What is the ten thousands digit of n(-4)?
1
What is the ten thousands digit of (2/(-8) - (-658)/(-8))/((-1)/242)?
1
Suppose 0*k - 90 = -5*k. Let v(j) = j**2 + 1. Let d(x) = -4*x**2 - 15*x + 9. Let s(o) = d(o) + 5*v(o). What is the tens digit of s(k)?
6
Suppose 46 = j + 38. Suppose 0 = -j*q - 7*q + 30. Suppose 2*g - q*h - 564 = 0, -8*h + 5*h = -2*g + 566. What is the hundreds digit of g?
2
Suppose -37*k + 13*k = -480. What is the units digit of k?
0
Suppose 4*x + 1117 = 5*s - 2608, -s - 3*x + 764 = 0. Suppose -2*g + 2 = 0, 32*d - 34*d = -g - s. What is the units digit of d?
5
Let t(b) = b**3 + 12*b**2 + 10*b - 13. Let l be t(-11). Let y be l/(-5)*(5 + 5)*1. Suppose -y*r + 771 + 1 = 0. What is the units digit of r?
3
Suppose -13*o + 24 = -9*o. Let z be -4 + (-2 + 3 - 1128/o). Let p = -133 - z. What is the tens digit of p?
5
Let m(o) = 0*o + 243*o**2 + o - 124*o**2. What is the tens digit of m(-2)?
7
Let w = 48 - 15. What is the tens digit of 1374/21 + w/(-77)?
6
Let m(q) = -33*q**3 - 22*q**2 - 87*q + 11. What is the hundreds digit of m(-7)?
8
Let y(b) = 2*b + 3. Let x be y(2). Let m(r) = 10*r**2 + 6*r - 7. What is the hundreds digit of m(x)?
5
Let b = -36997 - -71307. What is the ten thousands digit of b?
3
What is the ten thousands digit of (4312/49)/(8/(-3532)*-1)?
